r when n is divided by 13.
10
Let d(y) = 5*y**2 + 3*y + 1. Let q(o) = -o**2 + o + 1. Let h(n) = -d(n) - 4*q(n). Let i be h(-6). What is the remainder when 19 is divided by 180/16 + i/(-4)?
8
Let z(o) = -3*o**2 - 16*o - 1. Suppose -4*w + 3*d + 141 = 0, -7*w + 3*w + 4*d + 140 = 0. Calculate the remainder when w is divided by z(-3).
16
Let l = -21 - -62. Suppose -20*k - 39 = -23*k - 3*b, 2*k - 4*b = 14. Calculate the remainder when l is divided by k.
8
Let z(j) = -10*j - 60. Let q be z(-6). Calculate the remainder when (2 + -157)*(q + -1) is divided by 39.
38
What is the remainder when (2 + 22)*(539/28 + -12) is divided by 27?
12
Let g(i) = -i**3 + 8*i**2 - 7*i + 3. Let c be g(7). Suppose -b = 1, 2*b - 36 = -c*p + 19. What is the remainder when 69 is divided by p?
12
Suppose f - 11 = -5*h - 4, -3*f - h + 49 = 0. What is the remainder when 509 is divided by f?
16
Suppose 3*t + 2*c + 276 = -0*t, 189 = -2*t - 3*c. Let x = -72 - t. Calculate the remainder when 33 is divided by x.
15
Suppose -3*l + 319 = -13*x + 14*x, 3*x - 5*l = 957. Calculate the remainder when x is divided by 23.
20
Suppose -3*n = -12*n + 180. Let c = 107 + -71. What is the remainder when c is divided by n?
16
Let s(z) = -7*z + 10. Let g(u) = -3*u + 35. Let t be g(14). Calculate the remainder when s(t) is divided by 15.
14
Let l be (-10)/(-6) + 3/9*-2. Suppose -16 - l = -t - b, -b + 56 = 4*t. Calculate the remainder when 37 is divided by t.
11
Suppose 3*h - 3*f - 9 = -6*f, -17 = -5*h - 4*f. What is the remainder when 51 is divided by h?
1
Suppose 4*i - 4*j = 24, i = 5*i - 3*j - 23. Suppose -3*c + 25 = -8*c - t, 55 = -5*c + i*t. What is the remainder when 38 is divided by ((-80)/(-12))/((-4)/c)?
8
What is the remainder when 37 is divided by -14 - -9 - -9*2*1?
11
Suppose 2718 = -35*o + 44*o. Calculate the remainder when o is divided by 19.
17
What is the remainder when (8/5)/(3/285) is divided by (-15)/(-35) - 428/(-14)?
28
Suppose -18*j + 4150 + 332 = 0. Suppose -k + 2*n + 18 = -46, -j = -4*k + n. What is the remainder when k is divided by 14?
6
Let i = -43 + 118. Calculate the remainder when i is divided by 13.
10
Let l(j) = -13*j + 204. Calculate the remainder when 837 is divided by l(13).
32
Suppose 4 = -4*a + 20. Suppose -v + 2*i + 14 = 0, -3*i = -a*v + 30 + 26. Calculate the remainder when 82 is divided by v.
12
Let g = -127 + 264. Suppose 4*f - g = -41. Calculate the remainder when f is divided by 9.
6
Suppose -3*m - 19 = 2*y - 0*y, 2*m - 5*y = -19. Let n = 87 - m. What is the remainder when n is divided by 32?
30
Let f(c) = -c**2 - 64*c - 308. Calculate the remainder when f(-58) is divided by 21.
19
Suppose 6*z + 22 - 112 = 0. Suppose 0 = z*j - 11*j - 144. Let h = 29 + -16. Calculate the remainder when j is divided by h.
10
Let h be (1 + 0)/(1/67). Let x(v) = 3*v**2 + 30*v - 3. Let s be x(-10). Let k = h + s. Calculate the remainder when k is divided by 22.
20
Suppose 250 = t + 119. What is the remainder when t is divided by 13?
1
Let v be (-12)/(-9)*(-9)/2. Let r be 81/(-6)*(-28)/v. Calculate the remainder when r*(-1 + 4/6) is divided by 8.
5
Let s(w) be the first derivative of -w**2/2 + 7*w + 2. Let d be s(-7). Let y = d - 5. Calculate the remainder when 33 is divided by y.
6
Suppose 71 = 5*j - 12*m + 8*m, -5*j + 2*m + 73 = 0. Calculate the remainder when 82 is divided by j.
7
Suppose 3*o - 23 + 8 = 0. Let p be (6/o)/(18/45). What is the remainder when (9/p - 3) + 27 is divided by 15?
12
What is the remainder when (-5)/(100/8)*-310 is divided by 25?
24
Suppose -110 = 53*s - 63*s. What is the remainder when 96 is divided by s?
8
Suppose 0 = -6*l + 1 + 23. Suppose -97 = -5*a + 4*w, w - l*w = -6. Calculate the remainder when a is divided by 4.
1
Let q(c) = 10*c**2 - 27*c + 94. What is the remainder when q(3) is divided by 21?
19
Suppose z + 3*z - 12 = 0. Suppose -38 + 119 = z*w. Let g = -13 + w. What is the remainder when 27 is divided by g?
13
Let y(o) = 4*o - 13. Let g be y(5). Let a = 1 + -3. What is the remainder when 52 is divided by (g/14)/(a/(-72))?
16
Suppose -16 = 2*c - 142. Calculate the remainder when 122 is divided by c.
59
Suppose -54*t = -2*t - 2288. Calculate the remainder when t is divided by 16.
12
Let d = 50 + -36. Let m(k) = -11 + 28 - 2*k - d. Calculate the remainder when 22 is divided by m(-5).
9
Let q(a) = -86*a**3 - a**2 + 1. Let w(c) be the second derivative of c**4/12 + 5*c**3/6 - c**2 - 2*c. What is the remainder when q(-1) is divided by w(-8)?
20
Suppose -35*b = 7*b - 6300. What is the remainder when b is divided by 33?
18
Let n = 31 - -17. Let x(f) be the second derivative of f**5/20 + 7*f**4/12 - f**3/2 + 2*f**2 - 9*f. What is the remainder when n is divided by x(-7)?
23
Suppose -14 = -3*n + 5*y, 5*n = 2*y - 34 + 89. What is the remainder when 46 is divided by n?
7
Let u = 250 + -234. What is the remainder when 24 is divided by u?
8
Let u = 52 + -30. Let v(q) be the third derivative of -q**5/30 - q**4/24 + 2*q**3 - 10*q**2. What is the remainder when u is divided by v(0)?
10
Let j(k) = -3 + k**2 + 2*k + 7 - 4*k. Let r(n) = -26*n**3 - 2*n**2 + 3. Calculate the remainder when r(-1) is divided by j(3).
6
Let j be (-4 + 1)*(-8)/(-12). Let o = j + 15. Suppose 4*p - 30 = -2*t - 4, 3*t = -5*p + 44. Calculate the remainder when t is divided by o.
10
Suppose -3*j = -0*j - 105. What is the remainder when (-7)/(2/2) + -4*(-742)/28 is divided by j?
29
Suppose 386 - 53 = 37*i. Calculate the remainder when 81 is divided by i.
0
Suppose -10 = -5*y + 2*a, 6*a - 2*a = 5*y. Suppose 285 = y*i + 11*i. Suppose 30 + 14 = 4*t. What is the remainder when i is divided by t?
8
Suppose -3 = -o - a, 14*a - 18 = -2*o + 15*a. Calculate the remainder when 143 is divided by o.
3
Calculate the remainder when 89*(-2 - 0)*(-95)/190 is divided by 22.
1
Suppose 2*h + 4*r - 220 = 0, -5*h - 3*r + 276 = -302. What is the remainder when h is divided by 20?
18
Calculate the remainder when 58 is divided by (-5 - 9)*(3 - 5 - 1).
16
Let t(p) = p**2 + 8*p + 15. Let o be t(-6). Suppose 0 = 9*y - o*y - 96. What is the remainder when 111 is divided by y?
15
Suppose i + 8*i - 144 = 0. Calculate the remainder when i is divided by 5.
1
Suppose -2*w = -5*o + 2*w + 5, 2*w = o + 5. Suppose o*f = 10*f - 25. Let a(z) = z**2 + 2*z + 4. Calculate the remainder when a(-5) is divided by f.
4
What is the remainder when -11 + 6 + 2 + (78 - -1) is divided by 24?
4
Suppose 3*v = 5*x - 16, -2*v - 9 = -0*v - 3*x. Suppose -v*p - 5*n - 17 = 0, p - 3*p - n = 2. What is the remainder when p is divided by (-22)/22*(0 + -1)?
0
What is the remainder when (2/(-15) + 16133/(-390))*-2 is divided by 14?
13
Suppose -64*j - 4607 = -81*j. What is the remainder when j is divided by 137?
134
Let w(c) = c**3 - 8*c**2 + 14*c + 3. Let h be w(6). Suppose -252 = -4*l + 56. Suppose 16*b - l = h*b. Calculate the remainder when b is divided by 16.
13
Suppose -j + 35 = 3*j + 3*m, -4*j - m + 33 = 0. Suppose -j*v + 2*v = -18. Calculate the remainder when -1*(5 + -3) - -6 is divided by v.
1
Suppose -66 = 527*p - 533*p. Calculate the remainder when 128 is divided by p.
7
Suppose -c - 4*c + 490 = o, -3*c - 3*o + 282 = 0. Calculate the remainder when c is divided by 22.
11
Let f = 487 + -448. What is the remainder when 153 is divided by f?
36
Suppose 610 = -95*r + 105*r. What is the remainder when r is divided by 26?
9
Let n = -11 - -6. Let i = n + 10. What is the remainder when ((-96)/(-30))/(1/i) is divided by 6?
4
Suppose -5*i + 15 = -0. Suppose -i*s - 9 = -l, -l + 2*s = -4 - 3. Suppose 4*d = 12, f + 2*d - 38 = -l*d. Calculate the remainder when f is divided by 6.
5
Suppose -4*h = -3*j - 420, -h - 2*j + 105 = -j. Let i be h/(-4) + (-1)/(-4). Let x = 45 + i. Calculate the remainder when 36 is divided by x.
17
Suppose 53*d - 16 = 49*d. Calculate the remainder when 18 is divided by d.
2
Let s(z) = z - z**2 - 3 + 3 + 0. Let g be s(0). Suppose 0*q - 4*q + 52 = g. Calculate the remainder when 50 is divided by q.
11
Let i = 31 + -27. Suppose -2*l = i*g - 358, -246 = g - 4*g + 3*l. Calculate the remainder when g is divided by 18.
15
Suppose 0*i = i - 6. Let f be i/(-24) - (-1)/4. Suppose f = 3*w - w - 16. What is the remainder when 21 is divided by w?
5
Let a = 6 - 30. Calculate the remainder when (37/4)/((-2)/a) is divided by 19.
16
Suppose -3